(-9) + (-2)/(-9).
1
Let a be 4/6 - 10/(-3). Let c(n) = 2*n**2 - 5*n + 1. Calculate the remainder when 25 is divided by c(a).
12
Suppose 5*d + 36 = y, 0 = 5*y + 4*d - 28 - 7. Calculate the remainder when y is divided by 3.
2
Suppose 0 = -2*x - 2*j + 66, 2*x - 3*j = x + 37. What is the remainder when x is divided by 12?
10
Suppose 212 = 2*p + 2*p. Let v(f) = -f**2 + 7*f + 4. Calculate the remainder when p is divided by v(5).
11
Let n(k) = -941*k**3 - k**2. Let i be n(1). Let u be 4/22 + i/(-22). Suppose -2*y = -11 - u. Calculate the remainder when y is divided by 10.
7
Let t be 8 - 5 - (-1 + 1). Let i be (-80)/12 - (-2)/t. Let b = 16 + i. Calculate the remainder when 28 is divided by b.
8
Let u = 130 + -71. Let i = 163 + -115. Suppose -u = -3*s - 2*t, s - 4*t = t + i. What is the remainder when s is divided by 12?
11
Let t be 1022/2 + -10 + 9. Calculate the remainder when (-1)/2 + t/12 is divided by 9.
6
Suppose z + 98 = 3*z + 2*r, -3*z + r + 159 = 0. Let b = z + -17. What is the remainder when b is divided by 12?
11
Suppose -q + 0 = -5. What is the remainder when q is divided by 3?
2
Let t(b) = b**3 + 8*b**2 - 12*b - 12. Let v be t(-9). Let p = v - -2. What is the remainder when 33 is divided by p?
16
Let z = 9 - -4. Let i = z - -6. What is the remainder when i is divided by 7?
5
Suppose -4*s - 5*b = -67, -3*b + 37 = 2*s + 4. Calculate the remainder when 68 is divided by s.
14
Let v(h) = 19*h + 2. What is the remainder when v(1) is divided by ((1 - 1) + -1)*-11?
10
Let b be (9/(-6))/(-1)*18. Suppose b + 3 = 3*v. What is the remainder when v is divided by ((2 - 0) + -6)/(-1)?
2
Let h = 13 - -2. What is the remainder when 57 is divided by h?
12
Let m = -6 + 8. Let r = -9 - -13. What is the remainder when r is divided by m?
0
Let f = 14 + -4. Let x = -40 - -92. Suppose 74 = 3*r + 5*p, 5*r + 4*p = 3*r + x. What is the remainder when r is divided by f?
8
Let z(g) = -5*g + 3. Let r be z(2). Let k(h) be the first derivative of 2*h**3/3 + 4*h**2 - 2*h + 4. Calculate the remainder when k(r) is divided by 14.
12
Let w be -113 - (-1)/(-2 + 1). Let o = -40 - w. What is the remainder when o is divided by 15?
14
Suppose -c - 3*c + 36 = 0. Calculate the remainder when (-11 - 1)/((-2)/c) is divided by 14.
12
Suppose z + z = 20. Calculate the remainder when (34/4)/(1/2) is divided by z.
7
Let r be 1*5*70/(-25). Let g be (-4)/r + 69/(-21). Let l = g - -8. Calculate the remainder when 8 is divided by l.
3
Let l = -36 + 51. Suppose -l + 3 = 4*x, 2*c + 3*x + 9 = 0. Suppose c*z + 4*z - 140 = 0. What is the remainder when z is divided by 12?
11
Let t = -17 - -27. Calculate the remainder when t is divided by 4.
2
Suppose -4*q = 4*z, 5*z - 6*q + q = 20. Let i(a) = 2*a**2 + 2*a + 1. Calculate the remainder when i(z) is divided by 5.
3
Let a(x) = 2*x**3 + 3*x**2 - 3*x. Let j be a(-3). Let g = -11 - j. Calculate the remainder when 26 is divided by g.
5
Let k be 2/6 + (-1)/3. Suppose k*r = -5*r + 70. Let o = r - 1. Calculate the remainder when o is divided by 7.
6
Let d(w) = -w**3 + 4*w**2 + 5. Let j be d(4). Suppose 4*c = -j*b + 80, -2*b - 2*c - c + 39 = 0. Calculate the remainder when b is divided by 7.
5
Let r(l) = 3*l + 31. What is the remainder when 24 is divided by r(-7)?
4
Let g(p) = p - 2. Let y be g(2). Suppose -4*u + 36 = 4*b, -u + 3*b + 1 = -y*b. Let o(l) = -2*l + 5. What is the remainder when o(-7) is divided by u?
5
Let o = -22 - -38. Let q = 6 + o. Calculate the remainder when 64 is divided by q.
20
Let i = -168 + 190. Let h be 1*(2 + -3) - -67. Calculate the remainder when (-1)/(h/(-65) - -1) is divided by i.
21
Suppose -4*d = -d - 9. Let r(b) = b**2 - b - 1. Let j = -185 + 193. What is the remainder when j is divided by r(d)?
3
Let q = 91 - 89. Calculate the remainder when ((-14)/(-8) - 1)*4 is divided by q.
1
What is the remainder when 122 is divided by (-2)/9 - 384/(-27)?
10
Let w be 8/32 + 134/8. Suppose 4*j = w + 23. What is the remainder when 27 is divided by j?
7
Let b(g) = 2*g - 8. Let q = -30 + 69. What is the remainder when q is divided by b(14)?
19
Let z(v) = -14*v - v**2 + 3 + 4*v - 7. Calculate the remainder when 16/(-3)*(-1 + -5) is divided by z(-7).
15
Let u(q) = -q**3 + 10*q**2 + 4*q + 6. What is the remainder when u(10) is divided by 7?
4
Let h = 0 + 4. Suppose -k = -h*v - 28, 5*v + 1 = k - 23. Calculate the remainder when k is divided by 15.
14
Let t(r) = 2*r**2 - 6*r + 1. Suppose -4*s + 3*h + 1 = 0, h + 2 = 2*s - 1. Calculate the remainder when 16 is divided by t(s).
7
Suppose 0*n + n + 2 = 0. Let x = 3 - n. What is the remainder when 7 is divided by x?
2
What is the remainder when 22 is divided by (-2)/(-9) - (-230)/18?
9
Suppose 7 = -d + 6*s - 4*s, -10 = -2*s. Let w be (58/(-4) + d)*-6. Suppose 12 = 3*m - w. What is the remainder when m is divided by 15?
12
Suppose -j - 2*j - 2*r = -23, -5*j = -2*r - 33. Let c be 1 + (-2 - (-3 - 3)). Suppose -7 = -a + c. Calculate the remainder when a is divided by j.
5
Suppose 0 = -s - 2*t + 125, -297 = -3*s - t + 63. What is the remainder when s is divided by 24?
23
Let t = -1 + 5. Let l(x) = x**2 - 1. Calculate the remainder when l(t) is divided by 6.
3
Suppose r = 4*d + 3*r - 22, 5*r = -2*d + 7. What is the remainder when 13 is divided by d?
1
Let j(k) = -3*k + 1. Let l(h) = 2*h**2 + 23*h - 8. What is the remainder when j(-3) is divided by l(-12)?
2
Let b(n) = -n**2 + 2*n + 11. Suppose 3*q + 2 - 14 = 0. What is the remainder when b(0) is divided by q?
3
Let i be (0 - -1)/(3/138). Suppose i + 9 = 5*u. What is the remainder when 18 is divided by u?
7
Suppose 0 = -2*z - 0*z - 52. What is the remainder when (1/1)/(-1)*z is divided by 9?
8
Let g(s) = -s**2 - 13*s - 10. What is the remainder when g(-8) is divided by 17?
13
Let k(z) = -7*z - 7. Let p(o) = 6*o + 6. Let s(j) = 5*k(j) + 6*p(j). Calculate the remainder when 54 is divided by s(6).
5
Let b(s) = s**3 - 16*s**2 + 16*s - 2. Let a = 37 - 13. What is the remainder when a is divided by b(15)?
11
Suppose -z - 4*z = -30. Suppose -5*b - 84 = -4*v, -3*v = 2*v - 2*b - 88. What is the remainder when v is divided by z?
4
Suppose -3 = 3*x - 0*x. Let h(m) = -12*m + 1. Let b be h(x). Suppose -2*k - 3 = -b. What is the remainder when k is divided by 2?
1
Let a(z) = z**3 + 7*z**2 - 17*z - 15. Calculate the remainder when a(-7) is divided by 36.
32
Let o(s) = 6*s. Let a be o(-1). Let w = 9 + a. Suppose w*b - 32 - 19 = 0. What is the remainder when b is divided by 9?
8
Suppose b - 3*f - 51 = 0, f = 2*b - 70 - 57. What is the remainder when b is divided by 23?
20
Let r = 8 + -3. Suppose r*n = 2*n - 18. What is the remainder when (10/4)/((-3)/n) is divided by 3?
2
Suppose 0 = 3*f - 3*x - 21, x + 21 = 3*f + 4*x. Calculate the remainder when 15 is divided by f.
1
Let l = -35 - -90. Let v = l + -28. What is the remainder when v is divided by 14?
13
Let h(s) = 30*s + 25. Calculate the remainder when h(5) is divided by 45.
40
Suppose -2*y + 158 = -2. Suppose -6*f = -f - y. Calculate the remainder when 30 is divided by f.
14
Suppose -52 = -2*j + 98. Calculate the remainder when j is divided by 16.
11
Let f = -7 - -27. Suppose -5*c - 2*m = m - 275, 0 = 5*c - 2*m - 300. Calculate the remainder when c is divided by f.
18
Suppose -92 = -3*b - 2. Let w be -11 + 1 + (1 - 2). What is the remainder when b is divided by (-15)/5*w/3?
8
Suppose 33 = c - 34. Suppose -115 = -8*m + 3*m. Let k = m - 0. Calculate the remainder when c is divided by k.
21
Calculate the remainder when 57 + (-4 - -1)/(-1) is divided by 16.
12
Let x(b) = -b**2 - 7*b + 14. Let z(s) = s**2 + 6*s - 14. Let t(u) = 3*x(u) + 2*z(u). What is the remainder when 9 is divided by t(-10)?
1
Let g = -4 - -7. Let t be 2 - (1 - (g + -1)). Suppose 3*j = 4*l + l + 18, -3*j + 18 = t*l. Calculate the remainder when 10 is divided by j.
4
Suppose 2*a = 5*l - 30, -14 - 4 = -3*l + 3*a. What is the remainder when 16 is divided by l?
4
Suppose 0 = -2*m + 41 - 7. Calculate the remainder when 67 is divided by m.
16
Suppose -2*x = 2*k, k + 2*k = 5*x + 40. Let r(f) = 2*f**2 - 4*f - 7. Calculate the remainder when r(k) is divided by 12.
11
Let z(h) be the third derivative of h**6/120 - 4*h**5/15 + 2*h**4/3 - 2*h**3 + 4*h**2. What is the remainder when 3 is divided by z(15)?
0
Suppose 0 = 5*s - 3*s. Let u = s + 3. Suppose 5*r = p + u, p